1053 - -1695. What is the greatest common divisor of c and 3?
3
Suppose 0 = 4*b - 3*j - 190, -5*j + 2*j - 6 = 0. What is the greatest common factor of 322 and b?
46
Suppose -5*f - 5*a + 3110 = 0, -3*f = -16*a + 15*a - 1858. What is the greatest common factor of f and 20?
20
Suppose -2*m = -m + 2*f - 11, 3*f = 12. Suppose 0 = h - 5*w - 98, m*h + h + 3*w = 346. Calculate the highest common factor of 66 and h.
22
Suppose 3*r + r = -2*g - 20, 2*r + 10 = -5*g. Suppose g = 2*m - w - 32, -m + 3*w = -5*m + 64. Calculate the highest common divisor of 4 and m.
4
Suppose -z - 2*s = -38, -4*s = -4*z - 0*s + 152. Let y = -18 + z. What is the greatest common factor of 10 and y?
10
Let m be ((-4)/5)/((-2)/(-10)). Let l be 1/(m - (-68)/16). Let h(o) = o**3 - 5*o**2 + 7*o - 9. Let z be h(l). What is the greatest common factor of z and 3?
3
Suppose 5*f = 78 - 68. Suppose u + 2*g = 188, -f*u - 9*g + 378 = -4*g. What is the greatest common factor of u and 46?
46
Let z(u) = 4*u + 0*u - u**2 - u - 3. Let x be z(2). Let g be -2 - (x - 56/2). What is the greatest common divisor of g and 18?
9
Suppose -4 = 3*s + 2*s - 4*a, 4*a - 4 = 3*s. Suppose 0 = -3*n + 2*v + 23 + 17, s = -5*n + 4*v + 66. Calculate the highest common factor of 28 and n.
14
Suppose 3*f - f = -4*a + 22, 4*a + 8 = 0. Let d(n) = n + 95. Let q be d(25). What is the greatest common divisor of f and q?
15
Let w(p) = -12*p + 2 + 2 + 11*p. Let j be w(-2). What is the highest common divisor of 9 and j?
3
Let p(x) = 10*x + 92. Let h be p(-8). Calculate the highest common factor of h and 492.
12
Let x(n) = -2*n**2 - 34*n + 41. Let r be x(-17). What is the greatest common factor of 41 and r?
41
Suppose 289*p = 290*p - 36. What is the highest common factor of p and 44?
4
Let w be (2 - -2242)*(-6)/(-18). What is the greatest common divisor of 44 and w?
44
Suppose -95*c + 97*c = 56. What is the highest common divisor of c and 1050?
14
Suppose -6*t = -2675 + 1451. Calculate the highest common factor of 144 and t.
12
Suppose 7*z + 160 = 11*z. Let j = z - 34. What is the highest common divisor of j and 6?
6
Let x(r) = r**3 - r + 3. Suppose -13 = 2*o - 5, -o = -4*l + 4. Let f be x(l). What is the highest common divisor of f and 24?
3
Suppose -4*c + 48 = 3*d, -2*d = -9 + 1. Calculate the greatest common divisor of c and 72.
9
Suppose -35 = 4*j - 2*h - 783, -5*j + 3*h + 933 = 0. Calculate the highest common factor of j and 21.
21
Let j(c) = 3*c - 4. Let n be j(3). Suppose -4*r + 2*m + 358 = 0, -n*r = -4*m - 242 - 210. Suppose -7 = -d + 4. What is the highest common factor of d and r?
11
Suppose 415 = -95*s + 985. What is the highest common divisor of s and 258?
6
Let p = 2 + -2. Let w(u) = -2*u**2 + 28*u + 15. Let b be w(13). Suppose p = 2*q - 121 + b. Calculate the greatest common divisor of q and 5.
5
Suppose -u + 0 = -1. Let p(n) = n**2 + 28*n + 101. Let x be p(-24). What is the highest common divisor of x and u?
1
Let b be (-67)/(-8) + (-24)/64. Let x = b - -35. Calculate the greatest common factor of x and 86.
43
Let m be 53/6 + (-4)/(-24) - 0. What is the highest common factor of m and 927?
9
Suppose 1 = -3*q - 4*j, -q - 4*j = 12 - 1. Suppose -3*u = -3*l, q*l + 3*u = u + 28. What is the greatest common divisor of 76 and l?
4
Let w be (-10)/(3/(-18)*1). Let a(j) = 3*j**2 - 6*j - 4. Let t be a(-2). Calculate the greatest common divisor of t and w.
20
Suppose 2 = -2*n, 7*v = 8*v - 3*n - 29. Calculate the highest common factor of 1313 and v.
13
Suppose 56 = 4*o - 68. Let l = 58 - o. What is the greatest common factor of l and 3?
3
Let x be 4 + -30 - 2 - 3. Suppose -3*r + 135 = 3*a, 5*r + 54 + 3 = a. Let j = a + x. What is the greatest common divisor of j and 64?
16
Let l = 23 - 2. Suppose -5*u + 9 = -3*x, -2*u + 19 = 3*u + 2*x. Suppose 3*o + u*o = 18. Calculate the highest common divisor of o and l.
3
Suppose -489 = -22*o + 1887. Calculate the greatest common factor of o and 306.
18
Let i(g) = -g**2 + 7*g + 2. Let c be i(6). Suppose l + 140 = c*l. Calculate the greatest common divisor of l and 8.
4
Let a = 7 - 6. Let w(z) = z + 1. Let p be w(a). Suppose 5*i - p*f = 61, -2*f + 0*f = -i + 17. Calculate the highest common factor of i and 121.
11
Let c = -8 + 8. Suppose c = -2*s + 4*s + 8. Let f be s/(-6) - 210/(-9). Calculate the highest common divisor of 168 and f.
24
Let g(v) = 29*v + 89. Let u be g(31). Calculate the highest common divisor of u and 26.
26
Suppose 3*x = -0*x. Suppose -3*y = -x*y - 6. Suppose 32*m = 33*m - 18. What is the greatest common divisor of y and m?
2
Let h be 13416/129 - 2/(1*-2). What is the highest common divisor of h and 30?
15
Suppose -2*q = 8, 4*b - 52 = -22*q + 24*q. What is the greatest common divisor of 22 and b?
11
Let w be (0/(-1))/((-3)/1). Suppose w = -o + 2*o. Suppose 3*p = 2*t + 17, o*p = -2*p - t + 23. Calculate the greatest common divisor of p and 63.
9
Suppose 2*m + 6 = -4. Let y be -38*m/4*2. Let s be (-4)/(-6)*567/18 + -2. What is the greatest common factor of s and y?
19
Let c(r) = r + 3. Let d be c(7). Let x = d + -2. What is the highest common factor of x and 80?
8
Suppose -487 = -5*r - 3*t, 3*t = 5*r + 5*t - 483. Let c = r - 32. Calculate the highest common divisor of 7 and c.
7
Suppose -2*f + 16 = -6*f. Let b = 660 + -637. Let p = b - f. What is the greatest common divisor of p and 9?
9
Let t be ((-3120)/540)/((-2)/9). What is the highest common factor of t and 2?
2
Let b(u) = u**3 - 8*u**2 - 3*u - 6. Let j be b(9). Suppose -j = 3*x + 42. Let w be -2*3/18*x. What is the highest common factor of 40 and w?
10
Let y be (-11)/(-4) + -3 - 9/(-4). Suppose y*s = -5 + 17. Calculate the highest common factor of 66 and s.
6
Let d = -37 + 67. Suppose -5*v - 32 = 3*t, -5*v = -2*t + 6*t + 36. Let z = v + d. Calculate the greatest common factor of z and 39.
13
Let l be (-3 - -1)/(-39 - -37). What is the greatest common factor of l and 4?
1
Let l be 80/(-3)*(13 - (19 + -3)). What is the highest common factor of 152 and l?
8
Let g(s) = -s**3 + 8*s**2 + 10*s - 5. Let a be g(9). Suppose 16 = 4*k, -17 = 3*f - a*f - 2*k. What is the highest common factor of 12 and f?
3
Let q(z) = -44*z - 64. Let n be q(-2). Calculate the highest common factor of n and 852.
12
Let d(p) = 2*p + 6. Let s be d(-1). Let g be (-1 - 8)/(-4*s/288). Calculate the highest common divisor of 18 and g.
18
Let b(g) = 19 - 10*g - 7 - 6*g + 3*g + 2*g**2. Let k be b(6). Suppose 6 + 3 = 3*r, -3*m + 4*r = -60. What is the greatest common divisor of k and m?
6
Let b = 33 + -31. Let z be (-564)/(-10) + b/(-5). Suppose -5*l = 269 - 969. What is the greatest common divisor of z and l?
28
Suppose 2*g + 255*h - 59 = 252*h, -3*h + 3 = 0. Calculate the greatest common divisor of g and 49.
7
Suppose 5*q = -5*p + 695, -10*q + 13*q - 281 = -2*p. What is the greatest common factor of p and 8?
8
Suppose -19 + 214 = 13*k. What is the highest common divisor of k and 5?
5
Let r be 3*29/12 - (-4)/(-16). Calculate the highest common factor of r and 28.
7
Let m(k) = 2*k**2 + 0*k + 4 - 3*k - 1 + 0. Let a be m(2). Suppose 4*w = 4*s - 40, w = a*s - 10*s + 80. Calculate the highest common factor of s and 75.
15
Suppose 2*f + 2*s - 56 = 0, 7*s - 3*s - 4 = 0. What is the greatest common factor of f and 1?
1
Let q = -54 - -53. Let j be 23/4 - q/4. Calculate the highest common factor of 4 and j.
2
Let s(k) be the first derivative of 3*k**4/2 - k**3/3 - 9. Let v be s(2). Let x be 70/3 - v/(-66). Calculate the highest common divisor of 3 and x.
3
Let l be (-46431)/(-117) + (-10)/(-65) - -2. What is the greatest common divisor of l and 14?
7
Let q = -94 - -97. Suppose -q*n + 1097 = 356. What is the highest common divisor of 19 and n?
19
Suppose 0 = -3*w - 2*g + 4, -2*w = w + 5*g - 1. Let x be w/4*-2 - (1 - 20). Calculate the highest common factor of x and 144.
18
Let d = 420 + -419. Let m(k) = k**2 - 2*k + 3. Let q be m(3). What is the highest common divisor of q and d?
1
Let l(y) = -9 + 3 + 7 + 5 - 6*y. Let v be l(-5). Let h(n) = -24*n - 6. Let u be h(-4). What is the highest common divisor of v and u?
18
Suppose -4*o + 21 - 5 = 0. What is the highest common divisor of 148 and o?
4
Let g be ((-2 - -4) + -4)*-10. Suppose -2*u - g = 3*u. Let o be u/6*-1*3. What is the highest common divisor of o and 18?
2
Let c(q) = -54*q + 562. Let s be c(-13). Calcu